{"id":87,"date":"2020-08-05T09:39:36","date_gmt":"2020-08-05T12:39:36","guid":{"rendered":"http:\/\/educacao.cambe.pr.gov.br\/?page_id=87"},"modified":"2020-08-25T13:30:45","modified_gmt":"2020-08-25T16:30:45","slug":"educacao-infantil","status":"publish","type":"page","link":"https:\/\/educacao.cambe.pr.gov.br\/index.php\/educacao\/setoreseservicos\/educacao-infantil\/","title":{"rendered":"Educa\u00e7\u00e3o infantil"},"content":{"rendered":"<p style=\"text-align: center;\">V\u00eddeo I01- <strong>Identidade: Quem Sou Eu<\/strong><br \/>\n<iframe src=\"\/\/player.vimeo.com\/external\/427876730.hd.mp4?s=4a230d71a83e3f64c7b1c3e7c0089b3b29cf1bf3&amp;profile_id=175\" width=\"320\" height=\"240\" allowfullscreen=\"allowfullscreen\"><\/iframe><\/p>\n<p style=\"text-align: center;\">V\u00eddeo I02- <strong>Grupos e Forma\u00e7\u00e3o Social: Quem Sou Eu<\/strong><br \/>\n<iframe src=\"\/\/player.vimeo.com\/external\/431826973.hd.mp4?s=66cd874bd6c26bb02c5cdb31a7f6454cff39e9e5&amp;profile_id=175\" width=\"320\" height=\"240\" allowfullscreen=\"allowfullscreen\"><span data-mce-type=\"bookmark\" style=\"display: inline-block; width: 0px; overflow: hidden; line-height: 0;\" class=\"mce_SELRES_start\">\ufeff<\/span><\/iframe><\/p>\n","protected":false},"excerpt":{"rendered":"<p>V\u00eddeo I01- Identidade: Quem Sou Eu V\u00eddeo I02- Grupos e Forma\u00e7\u00e3o Social: Quem Sou Eu \ufeff<\/p>\n","protected":false},"author":1,"featured_media":0,"parent":37,"menu_order":0,"comment_status":"closed","ping_status":"closed","template":"","meta":{"ngg_post_thumbnail":0,"footnotes":""},"class_list":["post-87","page","type-page","status-publish","hentry"],"yoast_head":"<!-- This site is optimized with the Yoast SEO plugin v24.4 - https:\/\/yoast.com\/wordpress\/plugins\/seo\/ -->\n<title>Educa\u00e7\u00e3o infantil - Secretaria de Educa\u00e7\u00e3o e Cultura<\/title>\n<meta name=\"robots\" content=\"index, follow, max-snippet:-1, max-image-preview:large, max-video-preview:-1\" \/>\n<link rel=\"canonical\" href=\"https:\/\/educacao.cambe.pr.gov.br\/index.php\/educacao\/setoreseservicos\/educacao-infantil\/\" \/>\n<meta property=\"og:locale\" content=\"pt_BR\" \/>\n<meta property=\"og:type\" content=\"article\" \/>\n<meta property=\"og:title\" content=\"Educa\u00e7\u00e3o infantil - Secretaria de Educa\u00e7\u00e3o e Cultura\" \/>\n<meta property=\"og:description\" content=\"V\u00eddeo I01- Identidade: Quem Sou Eu V\u00eddeo I02- Grupos e Forma\u00e7\u00e3o Social: Quem Sou Eu \ufeff\" \/>\n<meta property=\"og:url\" content=\"https:\/\/educacao.cambe.pr.gov.br\/index.php\/educacao\/setoreseservicos\/educacao-infantil\/\" \/>\n<meta property=\"og:site_name\" content=\"Secretaria de Educa\u00e7\u00e3o e Cultura\" \/>\n<meta property=\"article:modified_time\" content=\"2020-08-25T16:30:45+00:00\" \/>\n<meta name=\"twitter:card\" content=\"summary_large_image\" \/>\n<script type=\"application\/ld+json\" class=\"yoast-schema-graph\">{\"@context\":\"https:\/\/schema.org\",\"@graph\":[{\"@type\":\"WebPage\",\"@id\":\"https:\/\/educacao.cambe.pr.gov.br\/index.php\/educacao\/setoreseservicos\/educacao-infantil\/\",\"url\":\"https:\/\/educacao.cambe.pr.gov.br\/index.php\/educacao\/setoreseservicos\/educacao-infantil\/\",\"name\":\"Educa\u00e7\u00e3o infantil - Secretaria de Educa\u00e7\u00e3o e Cultura\",\"isPartOf\":{\"@id\":\"https:\/\/educacao.cambe.pr.gov.br\/#website\"},\"datePublished\":\"2020-08-05T12:39:36+00:00\",\"dateModified\":\"2020-08-25T16:30:45+00:00\",\"breadcrumb\":{\"@id\":\"https:\/\/educacao.cambe.pr.gov.br\/index.php\/educacao\/setoreseservicos\/educacao-infantil\/#breadcrumb\"},\"inLanguage\":\"pt-BR\",\"potentialAction\":[{\"@type\":\"ReadAction\",\"target\":[\"https:\/\/educacao.cambe.pr.gov.br\/index.php\/educacao\/setoreseservicos\/educacao-infantil\/\"]}]},{\"@type\":\"BreadcrumbList\",\"@id\":\"https:\/\/educacao.cambe.pr.gov.br\/index.php\/educacao\/setoreseservicos\/educacao-infantil\/#breadcrumb\",\"itemListElement\":[{\"@type\":\"ListItem\",\"position\":1,\"name\":\"In\u00edcio\",\"item\":\"https:\/\/educacao.cambe.pr.gov.br\/\"},{\"@type\":\"ListItem\",\"position\":2,\"name\":\"Educa\u00e7\u00e3o\",\"item\":\"https:\/\/educacao.cambe.pr.gov.br\/index.php\/educacao\/\"},{\"@type\":\"ListItem\",\"position\":3,\"name\":\"Setores e servi\u00e7os\",\"item\":\"https:\/\/educacao.cambe.pr.gov.br\/index.php\/educacao\/setoreseservicos\/\"},{\"@type\":\"ListItem\",\"position\":4,\"name\":\"Educa\u00e7\u00e3o infantil\"}]},{\"@type\":\"WebSite\",\"@id\":\"https:\/\/educacao.cambe.pr.gov.br\/#website\",\"url\":\"https:\/\/educacao.cambe.pr.gov.br\/\",\"name\":\"Secretaria de Educa\u00e7\u00e3o e Cultura\",\"description\":\"Prefeitura de Camb\u00e9\",\"publisher\":{\"@id\":\"https:\/\/educacao.cambe.pr.gov.br\/#organization\"},\"potentialAction\":[{\"@type\":\"SearchAction\",\"target\":{\"@type\":\"EntryPoint\",\"urlTemplate\":\"https:\/\/educacao.cambe.pr.gov.br\/?s={search_term_string}\"},\"query-input\":{\"@type\":\"PropertyValueSpecification\",\"valueRequired\":true,\"valueName\":\"search_term_string\"}}],\"inLanguage\":\"pt-BR\"},{\"@type\":\"Organization\",\"@id\":\"https:\/\/educacao.cambe.pr.gov.br\/#organization\",\"name\":\"Secretaria de Educa\u00e7\u00e3o e Cultura\",\"url\":\"https:\/\/educacao.cambe.pr.gov.br\/\",\"logo\":{\"@type\":\"ImageObject\",\"inLanguage\":\"pt-BR\",\"@id\":\"https:\/\/educacao.cambe.pr.gov.br\/#\/schema\/logo\/image\/\",\"url\":\"https:\/\/educacao.cambe.pr.gov.br\/wp-content\/uploads\/2020\/08\/cambe_rural_brazao-pq.png\",\"contentUrl\":\"https:\/\/educacao.cambe.pr.gov.br\/wp-content\/uploads\/2020\/08\/cambe_rural_brazao-pq.png\",\"width\":150,\"height\":150,\"caption\":\"Secretaria de Educa\u00e7\u00e3o e Cultura\"},\"image\":{\"@id\":\"https:\/\/educacao.cambe.pr.gov.br\/#\/schema\/logo\/image\/\"}}]}<\/script>\n<!-- \/ Yoast SEO plugin. -->","yoast_head_json":{"title":"Educa\u00e7\u00e3o infantil - Secretaria de Educa\u00e7\u00e3o e Cultura","robots":{"index":"index","follow":"follow","max-snippet":"max-snippet:-1","max-image-preview":"max-image-preview:large","max-video-preview":"max-video-preview:-1"},"canonical":"https:\/\/educacao.cambe.pr.gov.br\/index.php\/educacao\/setoreseservicos\/educacao-infantil\/","og_locale":"pt_BR","og_type":"article","og_title":"Educa\u00e7\u00e3o infantil - Secretaria de Educa\u00e7\u00e3o e Cultura","og_description":"V\u00eddeo I01- Identidade: Quem Sou Eu V\u00eddeo I02- Grupos e Forma\u00e7\u00e3o Social: Quem Sou Eu \ufeff","og_url":"https:\/\/educacao.cambe.pr.gov.br\/index.php\/educacao\/setoreseservicos\/educacao-infantil\/","og_site_name":"Secretaria de Educa\u00e7\u00e3o e Cultura","article_modified_time":"2020-08-25T16:30:45+00:00","twitter_card":"summary_large_image","schema":{"@context":"https:\/\/schema.org","@graph":[{"@type":"WebPage","@id":"https:\/\/educacao.cambe.pr.gov.br\/index.php\/educacao\/setoreseservicos\/educacao-infantil\/","url":"https:\/\/educacao.cambe.pr.gov.br\/index.php\/educacao\/setoreseservicos\/educacao-infantil\/","name":"Educa\u00e7\u00e3o infantil - Secretaria de Educa\u00e7\u00e3o e Cultura","isPartOf":{"@id":"https:\/\/educacao.cambe.pr.gov.br\/#website"},"datePublished":"2020-08-05T12:39:36+00:00","dateModified":"2020-08-25T16:30:45+00:00","breadcrumb":{"@id":"https:\/\/educacao.cambe.pr.gov.br\/index.php\/educacao\/setoreseservicos\/educacao-infantil\/#breadcrumb"},"inLanguage":"pt-BR","potentialAction":[{"@type":"ReadAction","target":["https:\/\/educacao.cambe.pr.gov.br\/index.php\/educacao\/setoreseservicos\/educacao-infantil\/"]}]},{"@type":"BreadcrumbList","@id":"https:\/\/educacao.cambe.pr.gov.br\/index.php\/educacao\/setoreseservicos\/educacao-infantil\/#breadcrumb","itemListElement":[{"@type":"ListItem","position":1,"name":"In\u00edcio","item":"https:\/\/educacao.cambe.pr.gov.br\/"},{"@type":"ListItem","position":2,"name":"Educa\u00e7\u00e3o","item":"https:\/\/educacao.cambe.pr.gov.br\/index.php\/educacao\/"},{"@type":"ListItem","position":3,"name":"Setores e servi\u00e7os","item":"https:\/\/educacao.cambe.pr.gov.br\/index.php\/educacao\/setoreseservicos\/"},{"@type":"ListItem","position":4,"name":"Educa\u00e7\u00e3o infantil"}]},{"@type":"WebSite","@id":"https:\/\/educacao.cambe.pr.gov.br\/#website","url":"https:\/\/educacao.cambe.pr.gov.br\/","name":"Secretaria de Educa\u00e7\u00e3o e Cultura","description":"Prefeitura de Camb\u00e9","publisher":{"@id":"https:\/\/educacao.cambe.pr.gov.br\/#organization"},"potentialAction":[{"@type":"SearchAction","target":{"@type":"EntryPoint","urlTemplate":"https:\/\/educacao.cambe.pr.gov.br\/?s={search_term_string}"},"query-input":{"@type":"PropertyValueSpecification","valueRequired":true,"valueName":"search_term_string"}}],"inLanguage":"pt-BR"},{"@type":"Organization","@id":"https:\/\/educacao.cambe.pr.gov.br\/#organization","name":"Secretaria de Educa\u00e7\u00e3o e Cultura","url":"https:\/\/educacao.cambe.pr.gov.br\/","logo":{"@type":"ImageObject","inLanguage":"pt-BR","@id":"https:\/\/educacao.cambe.pr.gov.br\/#\/schema\/logo\/image\/","url":"https:\/\/educacao.cambe.pr.gov.br\/wp-content\/uploads\/2020\/08\/cambe_rural_brazao-pq.png","contentUrl":"https:\/\/educacao.cambe.pr.gov.br\/wp-content\/uploads\/2020\/08\/cambe_rural_brazao-pq.png","width":150,"height":150,"caption":"Secretaria de Educa\u00e7\u00e3o e Cultura"},"image":{"@id":"https:\/\/educacao.cambe.pr.gov.br\/#\/schema\/logo\/image\/"}}]}},"_links":{"self":[{"href":"https:\/\/educacao.cambe.pr.gov.br\/index.php\/wp-json\/wp\/v2\/pages\/87","targetHints":{"allow":["GET"]}}],"collection":[{"href":"https:\/\/educacao.cambe.pr.gov.br\/index.php\/wp-json\/wp\/v2\/pages"}],"about":[{"href":"https:\/\/educacao.cambe.pr.gov.br\/index.php\/wp-json\/wp\/v2\/types\/page"}],"author":[{"embeddable":true,"href":"https:\/\/educacao.cambe.pr.gov.br\/index.php\/wp-json\/wp\/v2\/users\/1"}],"replies":[{"embeddable":true,"href":"https:\/\/educacao.cambe.pr.gov.br\/index.php\/wp-json\/wp\/v2\/comments?post=87"}],"version-history":[{"count":21,"href":"https:\/\/educacao.cambe.pr.gov.br\/index.php\/wp-json\/wp\/v2\/pages\/87\/revisions"}],"predecessor-version":[{"id":313,"href":"https:\/\/educacao.cambe.pr.gov.br\/index.php\/wp-json\/wp\/v2\/pages\/87\/revisions\/313"}],"up":[{"embeddable":true,"href":"https:\/\/educacao.cambe.pr.gov.br\/index.php\/wp-json\/wp\/v2\/pages\/37"}],"wp:attachment":[{"href":"https:\/\/educacao.cambe.pr.gov.br\/index.php\/wp-json\/wp\/v2\/media?parent=87"}],"curies":[{"name":"wp","href":"https:\/\/api.w.org\/{rel}","templated":true}]}}

Educação infantil

<p style="text-align: center;">Vídeo I01- <strong>Identidade: Quem Sou Eu</strong><br />
<iframe src="//player.vimeo.com/external/427876730.hd.mp4?s=4a230d71a83e3f64c7b1c3e7c0089b3b29cf1bf3&amp;profile_id=175" width="320" height="240" allowfullscreen="allowfullscreen"></iframe></p>
<p style="text-align: center;">Vídeo I02- <strong>Grupos e Formação Social: Quem Sou Eu</strong><br />
<iframe src="//player.vimeo.com/external/431826973.hd.mp4?s=66cd874bd6c26bb02c5cdb31a7f6454cff39e9e5&amp;profile_id=175" width="320" height="240" allowfullscreen="allowfullscreen"><span data-mce-type="bookmark" style="display: inline-block; width: 0px; overflow: hidden; line-height: 0;" class="mce_SELRES_start">﻿</span></iframe></p>

<p>Vídeo I01- Identidade: Quem Sou Eu Vídeo I02- Grupos e Formação Social: Quem Sou Eu ﻿</p>

<!-- This site is optimized with the Yoast SEO plugin v24.4 - https://yoast.com/wordpress/plugins/seo/ -->
<title>Educação infantil - Secretaria de Educação e Cultura</title>
<meta name="robots" content="index, follow, max-snippet:-1, max-image-preview:large, max-video-preview:-1" />
<link rel="canonical" href="https://educacao.cambe.pr.gov.br/index.php/educacao/setoreseservicos/educacao-infantil/" />
<meta property="og:locale" content="pt_BR" />
<meta property="og:type" content="article" />
<meta property="og:title" content="Educação infantil - Secretaria de Educação e Cultura" />
<meta property="og:description" content="Vídeo I01- Identidade: Quem Sou Eu Vídeo I02- Grupos e Formação Social: Quem Sou Eu ﻿" />
<meta property="og:url" content="https://educacao.cambe.pr.gov.br/index.php/educacao/setoreseservicos/educacao-infantil/" />
<meta property="og:site_name" content="Secretaria de Educação e Cultura" />
<meta property="article:modified_time" content="2020-08-25T16:30:45+00:00" />
<meta name="twitter:card" content="summary_large_image" />
<script type="application/ld+json" class="yoast-schema-graph">{"@context":"https://schema.org","@graph":[{"@type":"WebPage","@id":"https://educacao.cambe.pr.gov.br/index.php/educacao/setoreseservicos/educacao-infantil/","url":"https://educacao.cambe.pr.gov.br/index.php/educacao/setoreseservicos/educacao-infantil/","name":"Educação infantil - Secretaria de Educação e Cultura","isPartOf":{"@id":"https://educacao.cambe.pr.gov.br/#website"},"datePublished":"2020-08-05T12:39:36+00:00","dateModified":"2020-08-25T16:30:45+00:00","breadcrumb":{"@id":"https://educacao.cambe.pr.gov.br/index.php/educacao/setoreseservicos/educacao-infantil/#breadcrumb"},"inLanguage":"pt-BR","potentialAction":[{"@type":"ReadAction","target":["https://educacao.cambe.pr.gov.br/index.php/educacao/setoreseservicos/educacao-infantil/"]}]},{"@type":"BreadcrumbList","@id":"https://educacao.cambe.pr.gov.br/index.php/educacao/setoreseservicos/educacao-infantil/#breadcrumb","itemListElement":[{"@type":"ListItem","position":1,"name":"Início","item":"https://educacao.cambe.pr.gov.br/"},{"@type":"ListItem","position":2,"name":"Educação","item":"https://educacao.cambe.pr.gov.br/index.php/educacao/"},{"@type":"ListItem","position":3,"name":"Setores e serviços","item":"https://educacao.cambe.pr.gov.br/index.php/educacao/setoreseservicos/"},{"@type":"ListItem","position":4,"name":"Educação infantil"}]},{"@type":"WebSite","@id":"https://educacao.cambe.pr.gov.br/#website","url":"https://educacao.cambe.pr.gov.br/","name":"Secretaria de Educação e Cultura","description":"Prefeitura de Cambé","publisher":{"@id":"https://educacao.cambe.pr.gov.br/#organization"},"potentialAction":[{"@type":"SearchAction","target":{"@type":"EntryPoint","urlTemplate":"https://educacao.cambe.pr.gov.br/?s={search_term_string}"},"query-input":{"@type":"PropertyValueSpecification","valueRequired":true,"valueName":"search_term_string"}}],"inLanguage":"pt-BR"},{"@type":"Organization","@id":"https://educacao.cambe.pr.gov.br/#organization","name":"Secretaria de Educação e Cultura","url":"https://educacao.cambe.pr.gov.br/","logo":{"@type":"ImageObject","inLanguage":"pt-BR","@id":"https://educacao.cambe.pr.gov.br/#/schema/logo/image/","url":"https://educacao.cambe.pr.gov.br/wp-content/uploads/2020/08/cambe_rural_brazao-pq.png","contentUrl":"https://educacao.cambe.pr.gov.br/wp-content/uploads/2020/08/cambe_rural_brazao-pq.png","width":150,"height":150,"caption":"Secretaria de Educação e Cultura"},"image":{"@id":"https://educacao.cambe.pr.gov.br/#/schema/logo/image/"}}]}</script>
<!-- / Yoast SEO plugin. -->

Educação infantil - Secretaria de Educação e Cultura

Vídeo I01- Identidade: Quem Sou Eu Vídeo I02- Grupos e Formação Social: Quem Sou Eu ﻿

Secretaria de Educação e Cultura

Início

Educação

Setores e serviços

Prefeitura de Cambé
