{"id":281,"date":"2020-08-24T18:56:44","date_gmt":"2020-08-24T21:56:44","guid":{"rendered":"http:\/\/educacao.cambe.pr.gov.br\/?page_id=281"},"modified":"2023-10-25T13:29:44","modified_gmt":"2023-10-25T16:29:44","slug":"mostra-de-arte","status":"publish","type":"page","link":"https:\/\/educacao.cambe.pr.gov.br\/index.php\/eventos\/mostra-de-arte\/","title":{"rendered":"Mostra de Arte"},"content":{"rendered":"\t\t<div data-elementor-type=\"wp-page\" data-elementor-id=\"281\" class=\"elementor elementor-281\">\n\t\t\t\t\t\t<section class=\"elementor-section elementor-top-section elementor-element elementor-element-0ededed elementor-section-boxed elementor-section-height-default elementor-section-height-default\" data-id=\"0ededed\" data-element_type=\"section\">\n\t\t\t\t\t\t<div class=\"elementor-container elementor-column-gap-default\">\n\t\t\t\t\t<div class=\"elementor-column elementor-col-100 elementor-top-column elementor-element elementor-element-2932cb5\" data-id=\"2932cb5\" data-element_type=\"column\">\n\t\t\t<div class=\"elementor-widget-wrap elementor-element-populated\">\n\t\t\t\t\t\t<div class=\"elementor-element elementor-element-adfaee9 elementor-widget elementor-widget-heading\" data-id=\"adfaee9\" data-element_type=\"widget\" data-widget_type=\"heading.default\">\n\t\t\t\t<div class=\"elementor-widget-container\">\n\t\t\t\t\t<h2 class=\"elementor-heading-title elementor-size-small\">Sobre a Mostra de Arte<\/h2>\t\t\t\t<\/div>\n\t\t\t\t<\/div>\n\t\t\t\t<div class=\"elementor-element elementor-element-5da4d0a elementor-widget elementor-widget-text-editor\" data-id=\"5da4d0a\" data-element_type=\"widget\" data-widget_type=\"text-editor.default\">\n\t\t\t\t<div class=\"elementor-widget-container\">\n\t\t\t\t\t\t\t\t\t<p>A Mostra de Arte \u00e9 um evento realizado anualmente pela Secretaria de Educa\u00e7\u00e3o. Apresenta um coletivo de produ\u00e7\u00f5es art\u00edsticas realizadas por alunos das escolas e centros municipais de educa\u00e7\u00e3o infantil nas aulas de Arte, orientadas e selecionadas pelos professores. Na exposi\u00e7\u00e3o, os visitantes encontram desenhos, pinturas, esculturas, gravuras, instala\u00e7\u00f5es e outras linguagens, que revelam o trabalho primoroso dos professores a import\u00e2ncia do ensino de Arte nas nossas escolas.<br \/>O evento \u00e9 apenas um fragmento de todo o trabalho elaborado nas aulas de Arte em nosso munic\u00edpio. A cada ano vemos uma evolu\u00e7\u00e3o na qualidade dos trabalhos executados. Isso confirma a import\u00e2ncia e a necessidade da disciplina de Arte nas nossas escolas.<br \/>Esta realiza\u00e7\u00e3o \u00e9 resultado do trabalho, empenho, participa\u00e7\u00e3o e colabora\u00e7\u00e3o de professores, alunos, equipe escolar e equipe da Secretaria de Educa\u00e7\u00e3o.<\/p>\t\t\t\t\t\t\t\t<\/div>\n\t\t\t\t<\/div>\n\t\t\t\t\t<\/div>\n\t\t<\/div>\n\t\t\t\t\t<\/div>\n\t\t<\/section>\n\t\t\t\t<\/div>\n\t\t","protected":false},"excerpt":{"rendered":"<p>Sobre a Mostra de Arte A Mostra de Arte \u00e9 um evento realizado anualmente pela Secretaria de Educa\u00e7\u00e3o. Apresenta um coletivo de produ\u00e7\u00f5es art\u00edsticas realizadas por alunos das escolas e centros municipais de educa\u00e7\u00e3o infantil nas aulas de Arte, orientadas e selecionadas pelos professores. Na exposi\u00e7\u00e3o, os visitantes encontram desenhos, pinturas, esculturas, gravuras, instala\u00e7\u00f5es e [&hellip;]<\/p>\n","protected":false},"author":7,"featured_media":0,"parent":261,"menu_order":0,"comment_status":"closed","ping_status":"closed","template":"","meta":{"ngg_post_thumbnail":0,"footnotes":""},"class_list":["post-281","page","type-page","status-publish","hentry"],"yoast_head":"<!-- This site is optimized with the Yoast SEO plugin v24.4 - https:\/\/yoast.com\/wordpress\/plugins\/seo\/ -->\n<title>Mostra de Arte - Secretaria de Educa\u00e7\u00e3o e Cultura<\/title>\n<meta name=\"robots\" content=\"index, follow, max-snippet:-1, max-image-preview:large, max-video-preview:-1\" \/>\n<link rel=\"canonical\" href=\"https:\/\/educacao.cambe.pr.gov.br\/index.php\/eventos\/mostra-de-arte\/\" \/>\n<meta property=\"og:locale\" content=\"pt_BR\" \/>\n<meta property=\"og:type\" content=\"article\" \/>\n<meta property=\"og:title\" content=\"Mostra de Arte - Secretaria de Educa\u00e7\u00e3o e Cultura\" \/>\n<meta property=\"og:description\" content=\"Sobre a Mostra de Arte A Mostra de Arte \u00e9 um evento realizado anualmente pela Secretaria de Educa\u00e7\u00e3o. Apresenta um coletivo de produ\u00e7\u00f5es art\u00edsticas realizadas por alunos das escolas e centros municipais de educa\u00e7\u00e3o infantil nas aulas de Arte, orientadas e selecionadas pelos professores. Na exposi\u00e7\u00e3o, os visitantes encontram desenhos, pinturas, esculturas, gravuras, instala\u00e7\u00f5es e [&hellip;]\" \/>\n<meta property=\"og:url\" content=\"https:\/\/educacao.cambe.pr.gov.br\/index.php\/eventos\/mostra-de-arte\/\" \/>\n<meta property=\"og:site_name\" content=\"Secretaria de Educa\u00e7\u00e3o e Cultura\" \/>\n<meta property=\"article:modified_time\" content=\"2023-10-25T16:29:44+00:00\" \/>\n<meta name=\"twitter:card\" content=\"summary_large_image\" \/>\n<meta name=\"twitter:label1\" content=\"Est. tempo de leitura\" \/>\n\t<meta name=\"twitter:data1\" content=\"1 minuto\" \/>\n<script type=\"application\/ld+json\" class=\"yoast-schema-graph\">{\"@context\":\"https:\/\/schema.org\",\"@graph\":[{\"@type\":\"WebPage\",\"@id\":\"https:\/\/educacao.cambe.pr.gov.br\/index.php\/eventos\/mostra-de-arte\/\",\"url\":\"https:\/\/educacao.cambe.pr.gov.br\/index.php\/eventos\/mostra-de-arte\/\",\"name\":\"Mostra de Arte - Secretaria de Educa\u00e7\u00e3o e Cultura\",\"isPartOf\":{\"@id\":\"https:\/\/educacao.cambe.pr.gov.br\/#website\"},\"datePublished\":\"2020-08-24T21:56:44+00:00\",\"dateModified\":\"2023-10-25T16:29:44+00:00\",\"breadcrumb\":{\"@id\":\"https:\/\/educacao.cambe.pr.gov.br\/index.php\/eventos\/mostra-de-arte\/#breadcrumb\"},\"inLanguage\":\"pt-BR\",\"potentialAction\":[{\"@type\":\"ReadAction\",\"target\":[\"https:\/\/educacao.cambe.pr.gov.br\/index.php\/eventos\/mostra-de-arte\/\"]}]},{\"@type\":\"BreadcrumbList\",\"@id\":\"https:\/\/educacao.cambe.pr.gov.br\/index.php\/eventos\/mostra-de-arte\/#breadcrumb\",\"itemListElement\":[{\"@type\":\"ListItem\",\"position\":1,\"name\":\"In\u00edcio\",\"item\":\"https:\/\/educacao.cambe.pr.gov.br\/\"},{\"@type\":\"ListItem\",\"position\":2,\"name\":\"Eventos e projetos\",\"item\":\"https:\/\/educacao.cambe.pr.gov.br\/index.php\/eventos\/\"},{\"@type\":\"ListItem\",\"position\":3,\"name\":\"Mostra de Arte\"}]},{\"@type\":\"WebSite\",\"@id\":\"https:\/\/educacao.cambe.pr.gov.br\/#website\",\"url\":\"https:\/\/educacao.cambe.pr.gov.br\/\",\"name\":\"Secretaria de Educa\u00e7\u00e3o e Cultura\",\"description\":\"Prefeitura de Camb\u00e9\",\"publisher\":{\"@id\":\"https:\/\/educacao.cambe.pr.gov.br\/#organization\"},\"potentialAction\":[{\"@type\":\"SearchAction\",\"target\":{\"@type\":\"EntryPoint\",\"urlTemplate\":\"https:\/\/educacao.cambe.pr.gov.br\/?s={search_term_string}\"},\"query-input\":{\"@type\":\"PropertyValueSpecification\",\"valueRequired\":true,\"valueName\":\"search_term_string\"}}],\"inLanguage\":\"pt-BR\"},{\"@type\":\"Organization\",\"@id\":\"https:\/\/educacao.cambe.pr.gov.br\/#organization\",\"name\":\"Secretaria de Educa\u00e7\u00e3o e Cultura\",\"url\":\"https:\/\/educacao.cambe.pr.gov.br\/\",\"logo\":{\"@type\":\"ImageObject\",\"inLanguage\":\"pt-BR\",\"@id\":\"https:\/\/educacao.cambe.pr.gov.br\/#\/schema\/logo\/image\/\",\"url\":\"https:\/\/educacao.cambe.pr.gov.br\/wp-content\/uploads\/2020\/08\/cambe_rural_brazao-pq.png\",\"contentUrl\":\"https:\/\/educacao.cambe.pr.gov.br\/wp-content\/uploads\/2020\/08\/cambe_rural_brazao-pq.png\",\"width\":150,\"height\":150,\"caption\":\"Secretaria de Educa\u00e7\u00e3o e Cultura\"},\"image\":{\"@id\":\"https:\/\/educacao.cambe.pr.gov.br\/#\/schema\/logo\/image\/\"}}]}<\/script>\n<!-- \/ Yoast SEO plugin. -->","yoast_head_json":{"title":"Mostra de Arte - Secretaria de Educa\u00e7\u00e3o e Cultura","robots":{"index":"index","follow":"follow","max-snippet":"max-snippet:-1","max-image-preview":"max-image-preview:large","max-video-preview":"max-video-preview:-1"},"canonical":"https:\/\/educacao.cambe.pr.gov.br\/index.php\/eventos\/mostra-de-arte\/","og_locale":"pt_BR","og_type":"article","og_title":"Mostra de Arte - Secretaria de Educa\u00e7\u00e3o e Cultura","og_description":"Sobre a Mostra de Arte A Mostra de Arte \u00e9 um evento realizado anualmente pela Secretaria de Educa\u00e7\u00e3o. Apresenta um coletivo de produ\u00e7\u00f5es art\u00edsticas realizadas por alunos das escolas e centros municipais de educa\u00e7\u00e3o infantil nas aulas de Arte, orientadas e selecionadas pelos professores. Na exposi\u00e7\u00e3o, os visitantes encontram desenhos, pinturas, esculturas, gravuras, instala\u00e7\u00f5es e [&hellip;]","og_url":"https:\/\/educacao.cambe.pr.gov.br\/index.php\/eventos\/mostra-de-arte\/","og_site_name":"Secretaria de Educa\u00e7\u00e3o e Cultura","article_modified_time":"2023-10-25T16:29:44+00:00","twitter_card":"summary_large_image","twitter_misc":{"Est. tempo de leitura":"1 minuto"},"schema":{"@context":"https:\/\/schema.org","@graph":[{"@type":"WebPage","@id":"https:\/\/educacao.cambe.pr.gov.br\/index.php\/eventos\/mostra-de-arte\/","url":"https:\/\/educacao.cambe.pr.gov.br\/index.php\/eventos\/mostra-de-arte\/","name":"Mostra de Arte - Secretaria de Educa\u00e7\u00e3o e Cultura","isPartOf":{"@id":"https:\/\/educacao.cambe.pr.gov.br\/#website"},"datePublished":"2020-08-24T21:56:44+00:00","dateModified":"2023-10-25T16:29:44+00:00","breadcrumb":{"@id":"https:\/\/educacao.cambe.pr.gov.br\/index.php\/eventos\/mostra-de-arte\/#breadcrumb"},"inLanguage":"pt-BR","potentialAction":[{"@type":"ReadAction","target":["https:\/\/educacao.cambe.pr.gov.br\/index.php\/eventos\/mostra-de-arte\/"]}]},{"@type":"BreadcrumbList","@id":"https:\/\/educacao.cambe.pr.gov.br\/index.php\/eventos\/mostra-de-arte\/#breadcrumb","itemListElement":[{"@type":"ListItem","position":1,"name":"In\u00edcio","item":"https:\/\/educacao.cambe.pr.gov.br\/"},{"@type":"ListItem","position":2,"name":"Eventos e projetos","item":"https:\/\/educacao.cambe.pr.gov.br\/index.php\/eventos\/"},{"@type":"ListItem","position":3,"name":"Mostra de Arte"}]},{"@type":"WebSite","@id":"https:\/\/educacao.cambe.pr.gov.br\/#website","url":"https:\/\/educacao.cambe.pr.gov.br\/","name":"Secretaria de Educa\u00e7\u00e3o e Cultura","description":"Prefeitura de Camb\u00e9","publisher":{"@id":"https:\/\/educacao.cambe.pr.gov.br\/#organization"},"potentialAction":[{"@type":"SearchAction","target":{"@type":"EntryPoint","urlTemplate":"https:\/\/educacao.cambe.pr.gov.br\/?s={search_term_string}"},"query-input":{"@type":"PropertyValueSpecification","valueRequired":true,"valueName":"search_term_string"}}],"inLanguage":"pt-BR"},{"@type":"Organization","@id":"https:\/\/educacao.cambe.pr.gov.br\/#organization","name":"Secretaria de Educa\u00e7\u00e3o e Cultura","url":"https:\/\/educacao.cambe.pr.gov.br\/","logo":{"@type":"ImageObject","inLanguage":"pt-BR","@id":"https:\/\/educacao.cambe.pr.gov.br\/#\/schema\/logo\/image\/","url":"https:\/\/educacao.cambe.pr.gov.br\/wp-content\/uploads\/2020\/08\/cambe_rural_brazao-pq.png","contentUrl":"https:\/\/educacao.cambe.pr.gov.br\/wp-content\/uploads\/2020\/08\/cambe_rural_brazao-pq.png","width":150,"height":150,"caption":"Secretaria de Educa\u00e7\u00e3o e Cultura"},"image":{"@id":"https:\/\/educacao.cambe.pr.gov.br\/#\/schema\/logo\/image\/"}}]}},"_links":{"self":[{"href":"https:\/\/educacao.cambe.pr.gov.br\/index.php\/wp-json\/wp\/v2\/pages\/281","targetHints":{"allow":["GET"]}}],"collection":[{"href":"https:\/\/educacao.cambe.pr.gov.br\/index.php\/wp-json\/wp\/v2\/pages"}],"about":[{"href":"https:\/\/educacao.cambe.pr.gov.br\/index.php\/wp-json\/wp\/v2\/types\/page"}],"author":[{"embeddable":true,"href":"https:\/\/educacao.cambe.pr.gov.br\/index.php\/wp-json\/wp\/v2\/users\/7"}],"replies":[{"embeddable":true,"href":"https:\/\/educacao.cambe.pr.gov.br\/index.php\/wp-json\/wp\/v2\/comments?post=281"}],"version-history":[{"count":4,"href":"https:\/\/educacao.cambe.pr.gov.br\/index.php\/wp-json\/wp\/v2\/pages\/281\/revisions"}],"predecessor-version":[{"id":2982,"href":"https:\/\/educacao.cambe.pr.gov.br\/index.php\/wp-json\/wp\/v2\/pages\/281\/revisions\/2982"}],"up":[{"embeddable":true,"href":"https:\/\/educacao.cambe.pr.gov.br\/index.php\/wp-json\/wp\/v2\/pages\/261"}],"wp:attachment":[{"href":"https:\/\/educacao.cambe.pr.gov.br\/index.php\/wp-json\/wp\/v2\/media?parent=281"}],"curies":[{"name":"wp","href":"https:\/\/api.w.org\/{rel}","templated":true}]}}

<div data-elementor-type="wp-page" data-elementor-id="281" class="elementor elementor-281">
						<section class="elementor-section elementor-top-section elementor-element elementor-element-0ededed elementor-section-boxed elementor-section-height-default elementor-section-height-default" data-id="0ededed" data-element_type="section">
						<div class="elementor-container elementor-column-gap-default">
					<div class="elementor-column elementor-col-100 elementor-top-column elementor-element elementor-element-2932cb5" data-id="2932cb5" data-element_type="column">
			<div class="elementor-widget-wrap elementor-element-populated">
						<div class="elementor-element elementor-element-adfaee9 elementor-widget elementor-widget-heading" data-id="adfaee9" data-element_type="widget" data-widget_type="heading.default">
				<div class="elementor-widget-container">
					<h2 class="elementor-heading-title elementor-size-small">Sobre a Mostra de Arte</h2>				</div>
				</div>
				<div class="elementor-element elementor-element-5da4d0a elementor-widget elementor-widget-text-editor" data-id="5da4d0a" data-element_type="widget" data-widget_type="text-editor.default">
				<div class="elementor-widget-container">
									<p>A Mostra de Arte é um evento realizado anualmente pela Secretaria de Educação. Apresenta um coletivo de produções artísticas realizadas por alunos das escolas e centros municipais de educação infantil nas aulas de Arte, orientadas e selecionadas pelos professores. Na exposição, os visitantes encontram desenhos, pinturas, esculturas, gravuras, instalações e outras linguagens, que revelam o trabalho primoroso dos professores a importância do ensino de Arte nas nossas escolas.<br />O evento é apenas um fragmento de todo o trabalho elaborado nas aulas de Arte em nosso município. A cada ano vemos uma evolução na qualidade dos trabalhos executados. Isso confirma a importância e a necessidade da disciplina de Arte nas nossas escolas.<br />Esta realização é resultado do trabalho, empenho, participação e colaboração de professores, alunos, equipe escolar e equipe da Secretaria de Educação.</p>								</div>
				</div>
					</div>
		</div>
					</div>
		</section>
				</div>

<p>Sobre a Mostra de Arte A Mostra de Arte é um evento realizado anualmente pela Secretaria de Educação. Apresenta um coletivo de produções artísticas realizadas por alunos das escolas e centros municipais de educação infantil nas aulas de Arte, orientadas e selecionadas pelos professores. Na exposição, os visitantes encontram desenhos, pinturas, esculturas, gravuras, instalações e [&hellip;]</p>

<!-- This site is optimized with the Yoast SEO plugin v24.4 - https://yoast.com/wordpress/plugins/seo/ -->
<title>Mostra de Arte - Secretaria de Educação e Cultura</title>
<meta name="robots" content="index, follow, max-snippet:-1, max-image-preview:large, max-video-preview:-1" />
<link rel="canonical" href="https://educacao.cambe.pr.gov.br/index.php/eventos/mostra-de-arte/" />
<meta property="og:locale" content="pt_BR" />
<meta property="og:type" content="article" />
<meta property="og:title" content="Mostra de Arte - Secretaria de Educação e Cultura" />
<meta property="og:description" content="Sobre a Mostra de Arte A Mostra de Arte é um evento realizado anualmente pela Secretaria de Educação. Apresenta um coletivo de produções artísticas realizadas por alunos das escolas e centros municipais de educação infantil nas aulas de Arte, orientadas e selecionadas pelos professores. Na exposição, os visitantes encontram desenhos, pinturas, esculturas, gravuras, instalações e [&hellip;]" />
<meta property="og:url" content="https://educacao.cambe.pr.gov.br/index.php/eventos/mostra-de-arte/" />
<meta property="og:site_name" content="Secretaria de Educação e Cultura" />
<meta property="article:modified_time" content="2023-10-25T16:29:44+00:00" />
<meta name="twitter:card" content="summary_large_image" />
<meta name="twitter:label1" content="Est. tempo de leitura" />
	<meta name="twitter:data1" content="1 minuto" />
<script type="application/ld+json" class="yoast-schema-graph">{"@context":"https://schema.org","@graph":[{"@type":"WebPage","@id":"https://educacao.cambe.pr.gov.br/index.php/eventos/mostra-de-arte/","url":"https://educacao.cambe.pr.gov.br/index.php/eventos/mostra-de-arte/","name":"Mostra de Arte - Secretaria de Educação e Cultura","isPartOf":{"@id":"https://educacao.cambe.pr.gov.br/#website"},"datePublished":"2020-08-24T21:56:44+00:00","dateModified":"2023-10-25T16:29:44+00:00","breadcrumb":{"@id":"https://educacao.cambe.pr.gov.br/index.php/eventos/mostra-de-arte/#breadcrumb"},"inLanguage":"pt-BR","potentialAction":[{"@type":"ReadAction","target":["https://educacao.cambe.pr.gov.br/index.php/eventos/mostra-de-arte/"]}]},{"@type":"BreadcrumbList","@id":"https://educacao.cambe.pr.gov.br/index.php/eventos/mostra-de-arte/#breadcrumb","itemListElement":[{"@type":"ListItem","position":1,"name":"Início","item":"https://educacao.cambe.pr.gov.br/"},{"@type":"ListItem","position":2,"name":"Eventos e projetos","item":"https://educacao.cambe.pr.gov.br/index.php/eventos/"},{"@type":"ListItem","position":3,"name":"Mostra de Arte"}]},{"@type":"WebSite","@id":"https://educacao.cambe.pr.gov.br/#website","url":"https://educacao.cambe.pr.gov.br/","name":"Secretaria de Educação e Cultura","description":"Prefeitura de Cambé","publisher":{"@id":"https://educacao.cambe.pr.gov.br/#organization"},"potentialAction":[{"@type":"SearchAction","target":{"@type":"EntryPoint","urlTemplate":"https://educacao.cambe.pr.gov.br/?s={search_term_string}"},"query-input":{"@type":"PropertyValueSpecification","valueRequired":true,"valueName":"search_term_string"}}],"inLanguage":"pt-BR"},{"@type":"Organization","@id":"https://educacao.cambe.pr.gov.br/#organization","name":"Secretaria de Educação e Cultura","url":"https://educacao.cambe.pr.gov.br/","logo":{"@type":"ImageObject","inLanguage":"pt-BR","@id":"https://educacao.cambe.pr.gov.br/#/schema/logo/image/","url":"https://educacao.cambe.pr.gov.br/wp-content/uploads/2020/08/cambe_rural_brazao-pq.png","contentUrl":"https://educacao.cambe.pr.gov.br/wp-content/uploads/2020/08/cambe_rural_brazao-pq.png","width":150,"height":150,"caption":"Secretaria de Educação e Cultura"},"image":{"@id":"https://educacao.cambe.pr.gov.br/#/schema/logo/image/"}}]}</script>
<!-- / Yoast SEO plugin. -->

Mostra de Arte - Secretaria de Educação e Cultura

Sobre a Mostra de Arte A Mostra de Arte é um evento realizado anualmente pela Secretaria de Educação. Apresenta um coletivo de produções artísticas realizadas por alunos das escolas e centros municipais de educação infantil nas aulas de Arte, orientadas e selecionadas pelos professores. Na exposição, os visitantes encontram desenhos, pinturas, esculturas, gravuras, instalações e [&hellip;]

Secretaria de Educação e Cultura

Início

Prefeitura de Cambé
